{"id":27307,"date":"2025-10-30T15:05:52","date_gmt":"2025-10-30T15:05:52","guid":{"rendered":"https:\/\/oscarparfums.ma\/?post_type=product&#038;p=27307"},"modified":"2026-02-05T19:24:48","modified_gmt":"2026-02-05T19:24:48","slug":"le-male-jean-paul-gaultier","status":"publish","type":"product","link":"https:\/\/oscarparfums.ma\/index.php\/product\/le-male-jean-paul-gaultier\/","title":{"rendered":"Le Male -JEAN PAUL GAULTIER"},"content":{"rendered":"<p>Une Eau de Toilette irr\u00e9sistible aromatique &amp; ambr\u00e9e, aux notes de menthe, lavande et vanille.Son eau de toilette en poupe, vous voil\u00e0 par\u00e9 de s\u00e9duction et de virilit\u00e9. Votre horizon est sans limite.<\/p>\n<p><b>LE MARIN LEGENDAIRE JEAN PAUL GAULTIER<\/b><\/p>\n<p>Le voil\u00e0, le voil\u00e0\u2026 le premier parfum masculin Jean Paul Gaultier ! Tout juste d\u00e9barqu\u00e9 \u00e0 quai dans sa marini\u00e8re mythique. Torse en avant et muscles saillants. Pr\u00eat \u00e0 s\u2019\u00e9lancer vers l\u2019aventure \u00e0 bord de sa boite m\u00e9tallique iconique. Le flacon fier, viril par tous les vents, ce marin sexy Le Male chavire les sens \u00e0 contre courant. Libre et irr\u00e9sistiblement s\u00e9duisant. Avis de temp\u00eate c\u00f4t\u00e9 c\u0153ur ! Qui plonge au bleu de son eau de toilette foug\u00e8re ambr\u00e9e, se fait vite embarqu\u00e9 par ses vagues de lavande et de vanille. Une fraicheur de menthe en poupe. En avant toute !<\/p>\n<p><b>UNE ODYSS\u00c9E VIRILE FOUG\u00c8RE AMBR\u00c9E<\/b><\/p>\n<p>Menthe fraiche en poupe. Lavande et vanille sensuelle \u00e0 la barre. Sous un ciel bleu oc\u00e9an, cette eau de toilette foug\u00e8re ambr\u00e9e nous ram\u00e8ne \u00e0 l\u2019enfance de Jean Paul Gaultier avec un doux souvenir de savon barbe. Entre soleil et aliz\u00e9, virilit\u00e9 et r\u00e9confort, nos c\u0153urs chavirent. Et nos corps plongent au cou de ce marin irr\u00e9sistible. Le temps d\u2019un sillage&#8230;<\/p>\n<p><b>UN TORSE TAILL\u00c9 POUR LE GRAND LARGE<\/b><\/p>\n<p>Tous muscles dehors et torse au vent, ce marin l\u00e9gendaire nous fait perdre la boussole. De l\u2019aventure ? En voil\u00e0 ! La libert\u00e9 \u00e0 la barre, le flacon bleu horizon, ce grand s\u00e9ducteur fait tanguer les c\u0153urs \u00e0 tout va. Sensuel et athl\u00e9tique dans sa marini\u00e8re mythique Jean Paul Gaultier.<\/p>\n<p>&nbsp;<\/p>\n","protected":false},"excerpt":{"rendered":"<p>Une Eau de Toilette irr\u00e9sistible aromatique &amp; ambr\u00e9e, aux notes de menthe, lavande et vanille.Son eau de toilette en poupe,<\/p>\n","protected":false},"featured_media":27310,"comment_status":"open","ping_status":"closed","template":"","meta":[],"product_brand":[145],"product_cat":[126],"product_tag":[146],"class_list":{"0":"post-27307","1":"product","2":"type-product","3":"status-publish","4":"has-post-thumbnail","6":"product_brand-jean-paul-gaultier","7":"product_cat-hommes","8":"product_tag-jean-paul-gaultier","10":"first","11":"instock","12":"shipping-taxable","13":"purchasable","14":"product-type-simple"},"aioseo_notices":[],"jetpack_sharing_enabled":true,"_links":{"self":[{"href":"https:\/\/oscarparfums.ma\/index.php\/wp-json\/wp\/v2\/product\/27307","targetHints":{"allow":["GET"]}}],"collection":[{"href":"https:\/\/oscarparfums.ma\/index.php\/wp-json\/wp\/v2\/product"}],"about":[{"href":"https:\/\/oscarparfums.ma\/index.php\/wp-json\/wp\/v2\/types\/product"}],"replies":[{"embeddable":true,"href":"https:\/\/oscarparfums.ma\/index.php\/wp-json\/wp\/v2\/comments?post=27307"}],"version-history":[{"count":1,"href":"https:\/\/oscarparfums.ma\/index.php\/wp-json\/wp\/v2\/product\/27307\/revisions"}],"predecessor-version":[{"id":27314,"href":"https:\/\/oscarparfums.ma\/index.php\/wp-json\/wp\/v2\/product\/27307\/revisions\/27314"}],"wp:featuredmedia":[{"embeddable":true,"href":"https:\/\/oscarparfums.ma\/index.php\/wp-json\/wp\/v2\/media\/27310"}],"wp:attachment":[{"href":"https:\/\/oscarparfums.ma\/index.php\/wp-json\/wp\/v2\/media?parent=27307"}],"wp:term":[{"taxonomy":"product_brand","embeddable":true,"href":"https:\/\/oscarparfums.ma\/index.php\/wp-json\/wp\/v2\/product_brand?post=27307"},{"taxonomy":"product_cat","embeddable":true,"href":"https:\/\/oscarparfums.ma\/index.php\/wp-json\/wp\/v2\/product_cat?post=27307"},{"taxonomy":"product_tag","embeddable":true,"href":"https:\/\/oscarparfums.ma\/index.php\/wp-json\/wp\/v2\/product_tag?post=27307"}],"curies":[{"name":"wp","href":"https:\/\/api.w.org\/{rel}","templated":true}]}}