{"id":27356,"date":"2025-10-30T15:48:52","date_gmt":"2025-10-30T15:48:52","guid":{"rendered":"https:\/\/oscarparfums.ma\/?post_type=product&#038;p=27356"},"modified":"2026-02-05T19:28:38","modified_gmt":"2026-02-05T19:28:38","slug":"cool-water-davidoff","status":"publish","type":"product","link":"https:\/\/oscarparfums.ma\/index.php\/product\/cool-water-davidoff\/","title":{"rendered":"Cool Water Davidoff"},"content":{"rendered":"<p><b>Cool Water Happy Summer Man<\/b>\u00a0de\u00a0<b>Davidoff<\/b>\u00a0est un parfum Aromatique Fruit\u00e9 pour homme.\u00a0<b>Cool Water Happy Summer Man<\/b>\u00a0a \u00e9t\u00e9 lanc\u00e9 en 2007. Les notes de t\u00eate sont Pamplemousse, Citron, Orange et Mandarine; les notes de coeur sont Past\u00e8que, Fruit de la passion, Ananas, Pomme verte, Jasmin et Feuille de violette; les notes de fond sont Musc, C\u00e8dre, Patchouli et Notes bois\u00e9es.<\/p>\n","protected":false},"excerpt":{"rendered":"<p>Cool Water Happy Summer Man\u00a0de\u00a0Davidoff\u00a0est un parfum Aromatique Fruit\u00e9 pour homme.\u00a0Cool Water Happy Summer Man\u00a0a \u00e9t\u00e9 lanc\u00e9 en 2007. Les<\/p>\n","protected":false},"featured_media":27358,"comment_status":"open","ping_status":"closed","template":"","meta":[],"product_brand":[161],"product_cat":[126],"product_tag":[162],"class_list":{"0":"post-27356","1":"product","2":"type-product","3":"status-publish","4":"has-post-thumbnail","6":"product_brand-davidoff","7":"product_cat-hommes","8":"product_tag-davidoff","10":"first","11":"instock","12":"shipping-taxable","13":"purchasable","14":"product-type-simple"},"aioseo_notices":[],"jetpack_sharing_enabled":true,"_links":{"self":[{"href":"https:\/\/oscarparfums.ma\/index.php\/wp-json\/wp\/v2\/product\/27356","targetHints":{"allow":["GET"]}}],"collection":[{"href":"https:\/\/oscarparfums.ma\/index.php\/wp-json\/wp\/v2\/product"}],"about":[{"href":"https:\/\/oscarparfums.ma\/index.php\/wp-json\/wp\/v2\/types\/product"}],"replies":[{"embeddable":true,"href":"https:\/\/oscarparfums.ma\/index.php\/wp-json\/wp\/v2\/comments?post=27356"}],"version-history":[{"count":1,"href":"https:\/\/oscarparfums.ma\/index.php\/wp-json\/wp\/v2\/product\/27356\/revisions"}],"predecessor-version":[{"id":27359,"href":"https:\/\/oscarparfums.ma\/index.php\/wp-json\/wp\/v2\/product\/27356\/revisions\/27359"}],"wp:featuredmedia":[{"embeddable":true,"href":"https:\/\/oscarparfums.ma\/index.php\/wp-json\/wp\/v2\/media\/27358"}],"wp:attachment":[{"href":"https:\/\/oscarparfums.ma\/index.php\/wp-json\/wp\/v2\/media?parent=27356"}],"wp:term":[{"taxonomy":"product_brand","embeddable":true,"href":"https:\/\/oscarparfums.ma\/index.php\/wp-json\/wp\/v2\/product_brand?post=27356"},{"taxonomy":"product_cat","embeddable":true,"href":"https:\/\/oscarparfums.ma\/index.php\/wp-json\/wp\/v2\/product_cat?post=27356"},{"taxonomy":"product_tag","embeddable":true,"href":"https:\/\/oscarparfums.ma\/index.php\/wp-json\/wp\/v2\/product_tag?post=27356"}],"curies":[{"name":"wp","href":"https:\/\/api.w.org\/{rel}","templated":true}]}}