{"id":27382,"date":"2025-10-30T16:10:16","date_gmt":"2025-10-30T16:10:16","guid":{"rendered":"https:\/\/oscarparfums.ma\/?post_type=product&#038;p=27382"},"modified":"2026-02-05T19:33:49","modified_gmt":"2026-02-05T19:33:49","slug":"stronger-with-you-intensely","status":"publish","type":"product","link":"https:\/\/oscarparfums.ma\/index.php\/product\/stronger-with-you-intensely\/","title":{"rendered":"Stronger with You Intensely"},"content":{"rendered":"<p>Pour les f\u00eates de fin d&rsquo;ann\u00e9e, le coffret cadeau Giorgio Armani se pare de paillettes, d\u00e9voilant un d\u00e9grad\u00e9 \u00e9blouissant de bleu et d&rsquo;argent. D\u00e9ballez votre coffret et succombez \u00e0 nos ic\u00f4nes inimitables.<br \/>\nCe coffret cadeau contient:<br \/>\n&#8211; Une eau de parfum Stronger with You Intensely 50ml<br \/>\n&#8211; Un gel douche 75ml pour une peau agr\u00e9ablement parfum\u00e9e<\/p>\n<p>Sans plastique et con\u00e7u pour durer, ce coffret cadeau refl\u00e8te l&rsquo;engagement de Giorgio Armani envers la plan\u00e8te et incarne sa vision d&rsquo;un luxe plus responsable.<\/p>\n<p>LA FRAGRANCE<br \/>\nStronger With You Intensely est une eau de parfum pour homme intense et addictive.<br \/>\nLES NOTES OLFACTIVES<br \/>\nLe parfum s&rsquo;ouvre sur une essence de poivre rose \u00e9pic\u00e9e qui se m\u00eale \u00e0 l&rsquo;accord marron glac\u00e9 iconique de Stronger with You. Puis, l&rsquo;essence de vanille, intense, s&rsquo;associe \u00e0 un accord cuir doux pour cr\u00e9er une signature unique et sensuelle, amplifi\u00e9e par les notes de bourbon et de v\u00e9tiver pour un sillage intense.<br \/>\nLE FLACON<br \/>\nLe flacon au design \u00e9pur\u00e9 poss\u00e8de des angles arrondis dont les courbes rappellent celles des \u00e9paules d&rsquo;un homme. Il d\u00e9voile en toute transparence un parfum couleur cognac qui incarne \u00e0 la perfection l&rsquo;intensit\u00e9 du parfum. Les anneaux entrem\u00eal\u00e9s \u00e9voquent deux corps enlac\u00e9s, symboles d&rsquo;un amour fort.<\/p>\n","protected":false},"excerpt":{"rendered":"<p>Pour les f\u00eates de fin d&rsquo;ann\u00e9e, le coffret cadeau Giorgio Armani se pare de paillettes, d\u00e9voilant un d\u00e9grad\u00e9 \u00e9blouissant de<\/p>\n","protected":false},"featured_media":27383,"comment_status":"open","ping_status":"closed","template":"","meta":[],"product_brand":[140],"product_cat":[126],"product_tag":[],"class_list":{"0":"post-27382","1":"product","2":"type-product","3":"status-publish","4":"has-post-thumbnail","6":"product_brand-giorgio-armani","7":"product_cat-hommes","9":"first","10":"instock","11":"shipping-taxable","12":"purchasable","13":"product-type-simple"},"aioseo_notices":[],"jetpack_sharing_enabled":true,"_links":{"self":[{"href":"https:\/\/oscarparfums.ma\/index.php\/wp-json\/wp\/v2\/product\/27382","targetHints":{"allow":["GET"]}}],"collection":[{"href":"https:\/\/oscarparfums.ma\/index.php\/wp-json\/wp\/v2\/product"}],"about":[{"href":"https:\/\/oscarparfums.ma\/index.php\/wp-json\/wp\/v2\/types\/product"}],"replies":[{"embeddable":true,"href":"https:\/\/oscarparfums.ma\/index.php\/wp-json\/wp\/v2\/comments?post=27382"}],"version-history":[{"count":1,"href":"https:\/\/oscarparfums.ma\/index.php\/wp-json\/wp\/v2\/product\/27382\/revisions"}],"predecessor-version":[{"id":27385,"href":"https:\/\/oscarparfums.ma\/index.php\/wp-json\/wp\/v2\/product\/27382\/revisions\/27385"}],"wp:featuredmedia":[{"embeddable":true,"href":"https:\/\/oscarparfums.ma\/index.php\/wp-json\/wp\/v2\/media\/27383"}],"wp:attachment":[{"href":"https:\/\/oscarparfums.ma\/index.php\/wp-json\/wp\/v2\/media?parent=27382"}],"wp:term":[{"taxonomy":"product_brand","embeddable":true,"href":"https:\/\/oscarparfums.ma\/index.php\/wp-json\/wp\/v2\/product_brand?post=27382"},{"taxonomy":"product_cat","embeddable":true,"href":"https:\/\/oscarparfums.ma\/index.php\/wp-json\/wp\/v2\/product_cat?post=27382"},{"taxonomy":"product_tag","embeddable":true,"href":"https:\/\/oscarparfums.ma\/index.php\/wp-json\/wp\/v2\/product_tag?post=27382"}],"curies":[{"name":"wp","href":"https:\/\/api.w.org\/{rel}","templated":true}]}}