{"id":27449,"date":"2025-10-31T10:26:16","date_gmt":"2025-10-31T10:26:16","guid":{"rendered":"https:\/\/oscarparfums.ma\/?post_type=product&#038;p=27449"},"modified":"2026-02-05T19:32:41","modified_gmt":"2026-02-05T19:32:41","slug":"good-girl-carolina-herrera","status":"publish","type":"product","link":"https:\/\/oscarparfums.ma\/index.php\/product\/good-girl-carolina-herrera\/","title":{"rendered":"Good Girl \u2013 Carolina Herrera"},"content":{"rendered":"<p>V\u00e9ritable concentr\u00e9 de fra\u00eecheur florale, Good Girl Blush Eau de Parfum de Carolina Herrera r\u00e9v\u00e8le une fragrance sensuelle, domin\u00e9e par des contrastes poudr\u00e9s.<\/p>\n<p>Pr\u00e9sent\u00e9e dans un stiletto rose poudr\u00e9, cette d\u00e9clinaison du parfum embl\u00e9matique Good Girl d\u00e9voile une fragrance radieuse et romantique, symbolisant la f\u00e9minit\u00e9 moderne.<\/p>\n<p>Inspir\u00e9e du blush, cette eau de parfum se d\u00e9voile avec l&rsquo;amertume de l&rsquo;amande. Son coeur lumineux d&rsquo;Ylang Ylang associ\u00e9 \u00e0 la douceur de la pivoine lui conf\u00e8re une f\u00e9minit\u00e9 absolue. L&rsquo;eau de rose upcycl\u00e9e compl\u00e8te ces notes florales, reproduisant la sensation de bouquet fleuri de pivoines. Sublim\u00e9e par la f\u00e8ve tonka, une nouvelle facette de la vanille apporte une touche poudr\u00e9e \u00e0 la composition.<\/p>\n<p>Succombez \u00e0 la puissance de Good Girl Blush Eau de Parfum de Carolina Herrera, une fragrance sensuelle, 100% vegan et compos\u00e9e de 90% d&rsquo;ingr\u00e9dients d&rsquo;origine naturelle, sourc\u00e9s durablement.<\/p>\n","protected":false},"excerpt":{"rendered":"<p>V\u00e9ritable concentr\u00e9 de fra\u00eecheur florale, Good Girl Blush Eau de Parfum de Carolina Herrera r\u00e9v\u00e8le une fragrance sensuelle, domin\u00e9e par<\/p>\n","protected":false},"featured_media":27450,"comment_status":"open","ping_status":"closed","template":"","meta":[],"product_brand":[],"product_cat":[175],"product_tag":[],"class_list":{"0":"post-27449","1":"product","2":"type-product","3":"status-publish","4":"has-post-thumbnail","6":"product_cat-femmes","8":"first","9":"instock","10":"shipping-taxable","11":"purchasable","12":"product-type-simple"},"aioseo_notices":[],"jetpack_sharing_enabled":true,"_links":{"self":[{"href":"https:\/\/oscarparfums.ma\/index.php\/wp-json\/wp\/v2\/product\/27449","targetHints":{"allow":["GET"]}}],"collection":[{"href":"https:\/\/oscarparfums.ma\/index.php\/wp-json\/wp\/v2\/product"}],"about":[{"href":"https:\/\/oscarparfums.ma\/index.php\/wp-json\/wp\/v2\/types\/product"}],"replies":[{"embeddable":true,"href":"https:\/\/oscarparfums.ma\/index.php\/wp-json\/wp\/v2\/comments?post=27449"}],"version-history":[{"count":1,"href":"https:\/\/oscarparfums.ma\/index.php\/wp-json\/wp\/v2\/product\/27449\/revisions"}],"predecessor-version":[{"id":27454,"href":"https:\/\/oscarparfums.ma\/index.php\/wp-json\/wp\/v2\/product\/27449\/revisions\/27454"}],"wp:featuredmedia":[{"embeddable":true,"href":"https:\/\/oscarparfums.ma\/index.php\/wp-json\/wp\/v2\/media\/27450"}],"wp:attachment":[{"href":"https:\/\/oscarparfums.ma\/index.php\/wp-json\/wp\/v2\/media?parent=27449"}],"wp:term":[{"taxonomy":"product_brand","embeddable":true,"href":"https:\/\/oscarparfums.ma\/index.php\/wp-json\/wp\/v2\/product_brand?post=27449"},{"taxonomy":"product_cat","embeddable":true,"href":"https:\/\/oscarparfums.ma\/index.php\/wp-json\/wp\/v2\/product_cat?post=27449"},{"taxonomy":"product_tag","embeddable":true,"href":"https:\/\/oscarparfums.ma\/index.php\/wp-json\/wp\/v2\/product_tag?post=27449"}],"curies":[{"name":"wp","href":"https:\/\/api.w.org\/{rel}","templated":true}]}}