{"id":27473,"date":"2025-10-31T10:55:02","date_gmt":"2025-10-31T10:55:02","guid":{"rendered":"https:\/\/oscarparfums.ma\/?post_type=product&#038;p=27473"},"modified":"2026-04-08T14:41:27","modified_gmt":"2026-04-08T14:41:27","slug":"linterdit","status":"publish","type":"product","link":"https:\/\/oscarparfums.ma\/index.php\/product\/linterdit\/","title":{"rendered":"L&rsquo;interdit"},"content":{"rendered":"<div id=\"description\" class=\"data item content product-tab__content\" role=\"tabpanel\" data-role=\"content\" aria-labelledby=\"tab-label-description\" aria-hidden=\"false\">\n<div class=\"product attribute description\">\n<div class=\"value\">L\u2019Interdit : hommage \u00e0 une f\u00e9minit\u00e9 audacieuse. Ne rien s\u2019interdire. Ne rien se laisser interdire. Une invitation \u00e0 franchir ses propres limites, d\u00e9passer les conventions et assumer, avec \u00e9l\u00e9gance, sa singularit\u00e9. Cette fleur blanche, travers\u00e9e de notes noires, d\u00e9voile une f\u00e9minit\u00e9 lumineuse qui flirte avec l\u2019obscurit\u00e9. La facette choc du chic<\/div>\n<\/div>\n<\/div>\n<div id=\"tab-label-additional\" class=\"data item title product-tab__title\" role=\"tab\" data-role=\"collapsible\" data-collapsible=\"true\" aria-controls=\"additional\" aria-expanded=\"false\"><\/div>\n","protected":false},"excerpt":{"rendered":"<p>L\u2019Interdit : hommage \u00e0 une f\u00e9minit\u00e9 audacieuse. Ne rien s\u2019interdire. Ne rien se laisser interdire. Une invitation \u00e0 franchir ses<\/p>\n","protected":false},"featured_media":27474,"comment_status":"open","ping_status":"closed","template":"","meta":[],"product_brand":[],"product_cat":[175,185],"product_tag":[],"class_list":{"0":"post-27473","1":"product","2":"type-product","3":"status-publish","4":"has-post-thumbnail","6":"product_cat-femmes","7":"product_cat-testeur-original-femmes","9":"first","10":"instock","11":"sale","12":"shipping-taxable","13":"purchasable","14":"product-type-simple"},"aioseo_notices":[],"jetpack_sharing_enabled":true,"_links":{"self":[{"href":"https:\/\/oscarparfums.ma\/index.php\/wp-json\/wp\/v2\/product\/27473","targetHints":{"allow":["GET"]}}],"collection":[{"href":"https:\/\/oscarparfums.ma\/index.php\/wp-json\/wp\/v2\/product"}],"about":[{"href":"https:\/\/oscarparfums.ma\/index.php\/wp-json\/wp\/v2\/types\/product"}],"replies":[{"embeddable":true,"href":"https:\/\/oscarparfums.ma\/index.php\/wp-json\/wp\/v2\/comments?post=27473"}],"version-history":[{"count":2,"href":"https:\/\/oscarparfums.ma\/index.php\/wp-json\/wp\/v2\/product\/27473\/revisions"}],"predecessor-version":[{"id":27608,"href":"https:\/\/oscarparfums.ma\/index.php\/wp-json\/wp\/v2\/product\/27473\/revisions\/27608"}],"wp:featuredmedia":[{"embeddable":true,"href":"https:\/\/oscarparfums.ma\/index.php\/wp-json\/wp\/v2\/media\/27474"}],"wp:attachment":[{"href":"https:\/\/oscarparfums.ma\/index.php\/wp-json\/wp\/v2\/media?parent=27473"}],"wp:term":[{"taxonomy":"product_brand","embeddable":true,"href":"https:\/\/oscarparfums.ma\/index.php\/wp-json\/wp\/v2\/product_brand?post=27473"},{"taxonomy":"product_cat","embeddable":true,"href":"https:\/\/oscarparfums.ma\/index.php\/wp-json\/wp\/v2\/product_cat?post=27473"},{"taxonomy":"product_tag","embeddable":true,"href":"https:\/\/oscarparfums.ma\/index.php\/wp-json\/wp\/v2\/product_tag?post=27473"}],"curies":[{"name":"wp","href":"https:\/\/api.w.org\/{rel}","templated":true}]}}